2
What is 23 (base 7) in base 2?
10001
Convert 2 (base 5) to base 9.
2
7 (base 11) to base 8
7
-3 (base 10) to base 12
-3
What is 11 (base 14) in base 11?
14
100 (base 2) to base 12
4
What is 1000100 (base 2) in base 14?
4c
Convert 5 (base 13) to base 10.
5
What is 133 (base 14) in base 7?
463
What is 3 (base 8) in base 11?
3
What is 0 (base 10) in base 14?
0
12 (base 12) to base 2
1110
What is 1000010 (base 2) in base 5?
231
b (base 15) to base 2
1011
3 (base 11) to base 2
11
-1210 (base 4) to base 11
-91
Convert -322 (base 9) to base 6.
-1115
What is -14 (base 5) in base 12?
-9
What is -15 (base 7) in base 4?
-30
-1000111 (base 2) to base 14
-51
Convert 83 (base 9) to base 4.
1023
Convert 7 (base 15) to base 5.
12
Convert -106 (base 13) to base 7.
-340
Convert ca (base 14) to base 9.
217
What is 112 (base 8) in base 5?
244
3 (base 6) to base 2
11
Convert -10 (base 7) to base 10.
-7
Convert -3 (base 4) to base 3.
-10
What is 1100 (base 2) in base 15?
c
Convert 9 (base 11) to base 3.
100
Convert 1 (base 11) to base 5.
1
Convert -84 (base 15) to base 5.
-444
-13 (base 8) to base 15
-b
Convert -201 (base 3) to base 11.
-18
-a6 (base 16) to base 11
-141
What is -12 (base 6) in base 9?
-8
100 (base 12) to base 9
170
What is -27 (base 12) in base 15?
-21
What is -241 (base 5) in base 16?
-47
-5 (base 16) to base 3
-12
What is 1210 (base 3) in base 6?
120
Convert 332 (base 5) to base 13.
71
Convert -14 (base 9) to base 4.
-31
What is -11 (base 5) in base 6?
-10
What is 135 (base 7) in base 15?
50
-a6 (base 11) to base 12
-98
Convert 2 (base 3) to base 6.
2
Convert 27 (base 15) to base 3.
1101
131 (base 5) to base 16
29
Convert 4 (base 5) to base 4.
10
1111 (base 2) to base 15
10
-132 (base 4) to base 15
-20
3 (base 11) to base 5
3
What is 120 (base 9) in base 2?
1100011
-49 (base 16) to base 3
-2201
Convert 9 (base 13) to base 9.
10
Convert -101111 (base 2) to base 5.
-142
-10000 (base 3) to base 13
-63
What is -21 (base 3) in base 5?
-12
What is 15 (base 8) in base 9?
14
What is 2 (base 3) in base 11?
2
1 (base 3) to base 2
1
Convert -124 (base 5) to base 13.
-30
Convert -55 (base 11) to base 5.
-220
Convert -13 (base 12) to base 6.
-23
2a (base 11) to base 12
28
What is 5 (base 6) in base 5?
10
Convert -123 (base 6) to base 3.
-1220
Convert 3 (base 13) to base 12.
3
What is 20 (base 8) in base 2?
10000
Convert 2 (base 7) to base 13.
2
-6 (base 12) to base 5
-11
-4 (base 5) to base 6
-4
Convert -301 (base 7) to base 14.
-a8
What is 2a (base 13) in base 12?
30
Convert 12 (base 9) to base 8.
13
What is -13 (base 13) in base 7?
-22
220 (base 6) to base 12
70
What is a (base 13) in base 14?
a
-319 (base 10) to base 13
-1b7
102 (base 3) to base 12
b
101 (base 2) to base 7
5
What is -1 (base 9) in base 15?
-1
2223 (base 4) to base 12
123
25 (base 14) to base 11
30
Convert -12 (base 7) to base 15.
-9
3 (base 10) to base 16
3
Convert 1 (base 16) to base 13.
1
-11 (base 12) to base 9
-14
What is -25 (base 10) in base 7?
-34
Convert -216 (base 9) to base 11.
-151
25 (base 7) to base 8
23
26 (base 12) to base 9
33
-32 (base 10) to base 5
-112
What is 0 (base 15) in base 6?
0
-ab (base 12) to base 4
-2003
-6 (base 13) to base 8
-6
Convert 1202 (base 5) to base 7.
342
Convert -2c (base 16) to base 14.
-32
Convert 2 (base 3) to base 7.
2
What is -6 (base 13) in base 3?
-20
-2b (base 12) to base 2
-100011
Convert -d (base 16) to base 3.
-111
Convert -1100 (base 2) to base 9.
-13
What is -10 (base 11) in base 6?
-15
What is 5 (base 9) in base 6?
5
Convert d3 (base 16) to base 2.
11010011
What is -21 (base 16) in base 6?
-53
4 (base 15) to base 10
4
2 (base 12) to base 7
2
-9 (base 14) to base 13
-9
What is -30 (base 7) in base 10?
-21
2 (base 11) to base 8
2
Convert c (base 14) to base 5.
22
What is 1010 (base 2) in base 5?
20
Convert 1000 (base 3) to base 6.
43
-1 (base 13) to base 11
-1
Convert 331 (base 5) to base 8.
133
-20c (base 13) to base 10
-350
-3 (base 7) to base 14
-3
What is -10 (base 6) in base 2?
-110
What is -64 (base 12) in base 8?
-114
6 (base 15) to base 12
6
What is -324 (base 7) in base 13?
-c9
Convert 0 (base 5) to base 8.
0
Convert 0 (base 7) to base 15.
0
Convert 58 (base 10) to base 5.
213
11d (base 14) to base 15
ed
What is 0 (base 16) in base 4?
0
Convert 1 (base 5) to base 4.
1
31 (base 14) to base 2
101011
What is -37 (base 13) in base 9?
-51
What is -17 (base 14) in base 12?
-19
5 (base 8) to base 4
11
-10 (base 5) to base 11
-5
Convert 139 (base 15) to base 2.
100010111
-11 (base 14) to base 11
-14
-210 (base 6) to base 9
-86
What is 11 (base 4) in base 10?
5
-1021 (base 3) to base 5
-114
Convert 113 (base 7) to base 3.
2012
Convert -10 (base 3) to base 8.
-3
Convert -10 (base 8) to base 7.
-11
Convert 23 (base 4) to base 10.
11
-2 (base 7) to base 10
-2
Convert -3 (base 9) to base 13.
-3
Convert -2 (base 7) to base 2.
-10
What is 1 (base 16) in base 3?
1
92 (base 11) to base 6
245
Convert -1 (base 13) to base 3.
-1
Convert 2 (base 11) to base 2.
10
What is 41 (base 7) in base 13?
23
Convert -441 (base 5) to base 8.
-171
Convert -1a (base 12) to base 14.
-18
What is -103 (base 5) in base 16?
-1c
3 (base 9) to base 15
3
Convert -233 (base 4) to base 16.
-2f
-6 (base 13) to base 4
-12
Convert -2121 (base 3) to base 11.
-64
19 (base 11) to base 2
10100
What is -a (base 16) in base 12?
-a
46 (base 11) to base 9
55
-8 (base 9) to base 8
-10
Convert -2 (base 6) to base 15.
-2
3 (base 6) to base 13
3
-5 (base 14) to base 4
-11
What is -3 (base 8) in base 6?
-3
-6 (base 8) to base 6
-10
Convert -42 (base 12) to base 5.
-200
Convert 12222 (base 3) to base 7.
320
What is 18 (base 10) in base 11?
17
86 (base 15) to base 5
1001
-1 (base 10) to base 4
-1
What is 0 (base 12) in base 14?
0
Convert -6 (base 8) to base 11.
-6
What is 22 (base 4) in base 12?
a
Convert 9 (base 13) to base 16.
9
-22 (base 9) to base 16
-14
2b (base 13) to base 9
41
What is -23 (base 5) in base 7?
-16
Convert 6 (base 12) to base 6.
10
Convert 83 (base 16) to base 10.
131
2 (base 9) to base 11
2
What is 7d (base 16) in base 14?
8d
What is 4 (base 5) in base 16?
4
150 (base 8) to base 13
80
What is 23 (base 11) in base 14?
1b
What is -5 (base 10) in base 11?
-5
Convert 435 (base 9) to base 3.
111012
-10 (base 3) to base 6
-3
Convert a (base 16) to base 15.
a
What is 23 (base 15) in base 14?
25
What is 71 (base 15) in base 6?
254
24 (base 10) to base 5
44
Convert -11 (base 8) to base 10.
-9
What is 0 (base 15) in base 7?
0
Convert -10 (base 13) to base 2.
-1101
Convert -11 (base 7) to base 9.
-8
15 (base 9) to base 6
22
What is -5 (base 9) in base 14?
-5
What is 3 (base 14) in base 3?
10
1 (base 13) to base 10
1
What is 3 (base 12) in base 16?
3
1 (base 5) to base 3
1
-14 (base 10) to base 12
-12
-5 (base 15) to base 7
-5
Convert -52 (base 10) to base 15.
-37
Convert 6 (base 7) to base 15.
6
Convert 3 (base 14) to base 11.
3
Convert 2 (base 13) to base 11.
2
What is -40 (base 15) in base 10?
-60
-55 (base 13) to base 3
-2121
What is -2 (base 10) in base 6?
-2
What is 2 (base 16) in base 2?
10
What is -14a (base 11) in base 3?
-20111
What is 32 (base 14) in base 6?
112
-10201 (base 4) to base 5
-2124
Convert -231 (base 5) to base 10.
-66
What is -1 (base 2) in base 7?
-1
11 (base 8) to base 7
12
Convert -1000 (base 2) to base 10.
-8
-7 (base 11) to base 4
-13
16 (base 11) to base 16
11
-1 (base 5) to base 14
-1
-102 (base 4) to base 8
-22
What is -3 (base 14) in base 2?
-11
21121 (base 3) to base 14
109
-122 (base 3) to base 8
-21
What is -46 (base 14) in base 13?
-4a
Convert 133 (base 6) to base 11.
52
Convert 2010 (base 3) to base 15.
3c
Convert b (base 12) to base 7.
14
Convert -31 (base 12) to base 3.
-1101
What is -5 (base 11) in base 14?
-5
Convert -10 (base 14) to base 8.
-16
Convert 0 (base 9) to base 15.
0
What is 65 (base 7) in base 14?
35
Convert -111 (base 11) to base 6.
-341
What is 6 (base 9) in base 6?
10
What is -94 (base 14) in base 9?
-154
What is -50 (base 6) in base 9?
-33
0 (base 3) to base 5
0
6 (base 9) to base 15
6
Convert 35 (base 11) to base 9.
42
Convert -61 (base 8) to base 7.
-100
Convert 5d (base 14) to base 9.
102
Convert -10102 (base 3) to base 9.
-112
Convert -32 (base 14) to base 10.
-44
-4 (base 9) to base 4
-10
What is -1 (base 10) in